s the value of -33 + 6 - 2 - (-15 - (10 - 19 - 5))?
-28
What is 9 + -44 + 7 + (9 - 19)?
-38
-10 + (49 - 102) + 69
6
What is the value of 105 + -52 + -151 + 105?
7
What is the value of -101 - (-111 - 87 - -93)?
4
Evaluate 27 + (57 - 42) - 45.
-3
Calculate 13 + -22 + -7 - -23 - -9.
16
What is 5 - -1 - (183 + -167 - (-20 - -6))?
-24
74 + -1 + -36 + 56
93
(-4 - (-12 - -33)) + 26
1
What is the value of (7 + (-44 - 24) - (-14 - -4)) + 2?
-49
Evaluate 65 + (127 - 45 - 212).
-65
What is the value of -35 + -4 - (-8 - 0 - (-6 - -8))?
-29
What is 192 - 293 - (-1 - -11) - (11 + (-6 - 0))?
-116
Calculate 18 + ((7 - 38) + 75 - 89).
-27
What is the value of 60 + -77 + (-6 - -37)?
14
What is (71 - ((9 - -12) + -6)) + -22?
34
What is -5 - (12 - (34 - -4 - 12)) - 46?
-37
Evaluate 78 + -166 + 83 + -8.
-13
Evaluate (0 - -17 - (-474 + 469)) + 12.
34
1 + (7 - -10) - (67 + -22)
-27
Evaluate 22187 + -22180 - (-1 - -98).
-90
Calculate (-48 - 20) + 18 + 17 + -36.
-69
What is the value of 737 - 724 - (-2 - 26)?
41
Evaluate 0 - -9 - (-13 + 10 - (161 + -107)).
66
Calculate 12 + 58 + -43 - 52.
-25
What is the value of (-77 - 1) + (3283 - 3223)?
-18
-6 + (22 - (0 + 8) - (6 + (2 - 3)))
3
30 - (-48 - (59 + -121))
16
What is (74 - (-40 + 92)) + 55?
77
6 + -9 + 4 + 17 + (20 - 10)
28
What is -51 + (-20 - -64) - (-32 + 3)?
22
0 + -12 - -1 - (-180 - (-14 + -46) - -67)
42
What is 2 + 24 + 4 - (2 + 16 + -18)?
30
What is 109 - (-132 + 52 - -86)?
103
What is (36 - (71 + -44) - (-2 + (2 - 2))) + 6?
17
Calculate -58 + -3 + (22 - (6 - -20)).
-65
9 + (-13 - -36 - 21) - -19
30
Evaluate -18 - (-19 + 31) - -19 - (-6 - -7) - 3.
-15
What is the value of -2 + -1 + (-7 - -35) + -7 + (2 - 14)?
6
Evaluate (-67 - (17 + -21)) + 37.
-26
What is the value of -14 - (-4 + 10 + (1 - (-7 - 2)) + -84)?
54
(44 - (3 - 14)) + 77
132
What is the value of -93 - (-37 + 47 + -11 + 3 + -22)?
-73
What is the value of -59 + 38 + 3 + 61?
43
Evaluate -11 + 1 + (487 - 508).
-31
What is 55 - (0 - 33 - -35 - -10)?
43
-8 - 10 - (-80 + 91)
-29
What is -18 + 42 + (23 - (15 - 10 - 44))?
86
Evaluate (29 - 0) + (77 - 103 - -46).
49
85 + -201 + 116 - (44 - (-2 - (0 + -2)))
-44
Calculate (0 - 0) + 0 + 7 - ((-18 - -77) + -62).
10
What is the value of (10 - (-29 + -12) - 6) + (5 - 10 - 0)?
40
What is the value of 2 - (0 - 0) - (4510 + -4497)?
-11
What is 1 - 6 - (4 + -27 + 1 - -72)?
-55
What is the value of 6 + (128 - (104 + -1))?
31
Evaluate (1 - (6 - -4 - -24)) + 22.
-11
What is 9 + -7 + 5 + (2 - 13) + -1 + 9?
4
What is the value of -90 - (38 + -191) - (2 - -21)?
40
Calculate -17 + (-17 - (-4 - (24 - -15 - 17))).
-8
What is -1 - -3 - (9 + 9 + (6 - 12) + 52)?
-62
Evaluate (-134 - -116 - 18) + -60.
-96
What is (-16 - (-13 - (3 - 5))) + -7?
-12
Evaluate 408 + -427 + -4 + 6.
-17
What is the value of 469 + -490 + 9 + 4?
-8
What is (-4 - -3 - (60 + -46)) + 4 + -2?
-13
What is 3 + ((41 - 29) + -5 - 34)?
-24
63 + -78 + (-25 - -86)
46
30 + 2 + (-65 + 44 + -9 - -49)
51
Calculate (-15 - (-8 + (-9 - -9))) + (-78 - -136).
51
Calculate -17 - (-28 + -25) - -6.
42
-37 - (-34 + (28 - 9)) - (12 + 1)
-35
What is the value of (-33 - (86 + 4 - -41)) + 31?
-133
What is (2 - (8 - 25)) + 8 + 8?
35
What is the value of (5 - -2) + (72 - -6) + -2 + 10?
93
What is the value of -65 + -23 + (-8 - -10 - -17) + -8?
-77
Evaluate 30 - (10 - -5 - (-12 + 3 + 17)).
23
Calculate -11 - (3 + -20) - (-12 + -4).
22
What is the value of 1 - -33 - (20 + (-2 - (48 + -11)))?
53
Evaluate 21 - 7 - (-6 + 18 - 6 - 4).
12
-23 - (4 + (18 - 94))
49
What is 15 + (2 - 0) - (-14 + -55 - -97)?
-11
What is (46 - 2) + -29 + -12 + 24 + 14?
41
What is -12 + 28 + -6 - ((4 - -6) + 16 + -12)?
-4
Evaluate (-1 + -2 - (25 + -77)) + -3.
46
Evaluate (29 - 8) + (114 - 176).
-41
What is the value of (30 + -53 - -5) + (-24 - -4)?
-38
Evaluate (23 - (101 + -60)) + -39.
-57
What is 10 + 28 - (-16 + 14 - ((-7 - -1) + -2))?
32
Calculate -20 - ((-2 + -28 - -12) + 12).
-14
(57 - -34) + -71 - (1 + 31)
-12
Evaluate 14 + -1 + 25 + -21 + -34 + 19.
2
Evaluate 53 + -61 - 7 - (-36 + -2).
23
What is (-20 - (-22 - -19) - -31) + (1 + 96 - 2)?
109
Evaluate 16 + 19 + 47 + -83 + (1 - 2 - -30).
28
Calculate -9 + 71 + 177 + -193.
46
(4 - -5) + (9 - 0) + (2 + -88 - -30)
-38
What is the value of 3 - ((0 - 19) + 209 + -225)?
38
Evaluate 2 - 40 - ((-36 - 19) + -57).
74
Evaluate 5 + ((-11 + 5 - -8) + 10 - (195 + -142)).
-36
-46 + (-1 - 7 - (-66 + 28 + 28))
-44
What is (-38 + 1 - -45) + (-14 - (0 - 2)) + 127?
123
Calculate -5 + 0 + 102 + 102 + -202.
-3
What is -7 - (-12 + 9) - -11 - (5 + -35)?
37
What is (35 - 34) + -4 + -21 + 159?
135
What is the value of 17 + 26 + (19 - 57)?
5
Evaluate (9 - (-4 + -13 + 10)) + 58 - 11.
63
What is (-3 - -3 - -16) + (340 - 351) - 7?
-2
Calculate 0 + -18 + -1 - (-48297 - -48173).
105
What is (14 + (-2 - 8) - 117) + -62 + 46?
-129
Evaluate (-83 - 4) + 13 - -128.
54
What is the value of 7 - 14 - -24 - (1 + 61)?
-45
What is the value of (-600 - -651) + (5 - 21)?
35
What is (-113 - -111) + (2 - (-131 + 2)) + -386 + 378?
121
What is -27 + (-45 - -1 - (-153 - -120))?
-38
Calculate -25 + 69 + -31 - (-10 + 1 + -1).
23
Evaluate -10 + (3 + 2 + 48 + -4 - (11 + -21)).
49
What is the value of (-1 - ((-14 - (-6 + 1)) + 5)) + 13 + 0?
16
Calculate -77 - ((24 - 42) + 1).
-60
Evaluate 26 - (35 + -25) - 4 - (4 + 85).
-77
-9 + 8 + 1 + -41 + 2
-39
Calculate 32 + -78 + 12 + 41.
7
Evaluate (-6 + 14 - 18 - 12) + (-22 - -29).
-15
Calculate -928 - -986 - (-1 + 188).
-129
Calculate -48 + -11 + 11 + 10 + 3.
-35
What is -31 - (131 + -17 + -185)?
40
-35 + (54 - (0 + -12))
31
Calculate 20 - 1 - (2241 + -2220).
-2
(69 - (29 + -10)) + -16 + -7 + 3 + -5
25
Evaluate 3 - (2 - 47) - 27.
21
What is (2 - 2) + 56 - (-7464 + 7457)?
63
Evaluate 1 + -2 + (-204 + 83 - -63).
-59
Evaluate 42 + (-16 - 69) - -15.
-28
What is -37 + 2 - (16 - 11 - -5) - -1 - 7?
-51
Calculate -100 + 24 + 27 + -33 + -2.
-84
What is (-87 - -30) + 92 - (-10 + 1 + 2)?
42
What is the value of -6 - (-2 + -33 + 129 + -126)?
26
5 + -26 + 16 + (0 - 12 - -28)
11
-4 + -4 + -10 + (-5 - -9) + 205 + -172
19
(-9 + 31 - -8 - 6) + -88
-64
-66 + 82 - (40 - 4)
-20
What is the value of 42 + 99 + -247 - -14?
-92
-14 + (24 - (-20 - (-9 - 18)))
3
What is the value of -11 - (11 - (-1 + 21)) - (90 - 82)?
-10
What is the value of 9 + -4 + (-83 - 27) + (-11 - -4) + 20?
-92
-52 + 30 - 24 - -105
59
Calculate -44 + (-4 - 0) + (83 - 76) + -2.
-43
What is the value of -21 - (1 - (11 - (-6 - -20)) - 11)?
-14
Calculate 3 + (-49 + -46 - -42).
-50
What is (-1 - 35) + 185 + -114 - 171?
-136
What is the value of 25 + -82 - (-337 + 242)?
38
Calculate (6 - 0 - (10 - -4 - 37)) + -3.
26
Evaluate 22 + -22 + 8 + 9 + 45.
62
What is the value of -18 + (21 + -1 - (-21 - -28)) + 7?
2
Evaluate (-5 - ((-115 - -135) + -21 + 1)) + -138 + -2.
-145
What is the value of 18 + (-86 - -83) + 114?
129
(-62 - (3 + -7 + 13)) + (-5 - -11)
-65
Evaluate -1 - -1 - ((-15 - -5) + 27 - (-143 - -48)).
-112
Calculate -28 - (-12 - (-30 + 31)) - (-6 - 4 - -3).
-8
Evaluate -15 + (-17 + 27 - 14) + 13 + 2.
-4
Calculate -45 + 3 + 31 - -4 - (-2 - -3 - -77).
-85
Calculate -69 - -19 - (6 + -45).
-11
What is 1 - (-9 + 1) - (45 + (-19 - (45 - 7)))?
21
What is 93 + -33 + -114 - -4?
-50
What is 67 + -46 + 54 + 5 + (4 - 9)?
75
What is the value of (1 - (-56 + -2) - (0 - -3)) + -220 + 231?
67
What is -9 + (15 - 8) + (12 - 21 - -56) + -1?
44
Evaluate 5028 + -4979 - (7 - 2).
44
Evaluate -12 + -4 + 4 + (18 - (7 - 96 - -28)).
67
-60 + (39 - -3 - -14) + (64 - 0)
60
What is the value of 1 - 31 - (-64 - -42)?
-8
What is the value of (7 + 9 - 23) + 11?
4
Calculate ((5 - 10 - -19) + -21 - -6) + -33 + 0.
-34
What is the value of 52 - ((4 - -3) + (12 + -1 - -2) + -10)?
42
Calculate -29 + -179 + 122 + 95.
9
-3 + 41 - (85 - 10)
-37
17 - (53 + 5) - (14 + 3 + 3)
-61
Calculate -134 + 186 + -91 - 6.
-45
Evaluate -39 - (-100 - 25) - -2.
88
-65 + -6 - (-3471 - -3405)
-5
Evaluate (73 - 168 - -67) + -18.
-46
Evaluate (3 - 2) + -1 + (-13 - (76 - 91)) - 3.
-1
What is the value of -4 + -16 + (-79 - -114 - 68)?
-53
Calculate (-5 - (-7 - 10)) + -23 - 21.
-32
What is the value of -39 - (3 - (11 + -11 - 2) - -1)?
-45
What is the value of (20 + 2 - (6 + -14 - -9)) + (1 - 10)?
12
What is -1 - 3 - ((-2 - 85 - -4) + -363 + 362)?
80
What is (27 - 0) + (12 - (8 - (7 + -6))